*l**2 - 2*l - 10. What is q(k)?
5
Let z(l) = 6*l. Let y be z(1). Suppose 8*d + y + 2 = 0. Let f(s) = -13*s - 5 + 14*s + 3 + 3 - 5*s**2. Determine f(d).
-5
Let a(c) = 50*c + 202. Let j be (-106)/27 - ((-308)/(-189))/22. Determine a(j).
2
Let m(g) be the second derivative of -g**6/360 + g**5/24 - 11*g**4/24 + 56*g**3/3 + g**2/2 + 32*g. Let j(v) be the second derivative of m(v). What is j(5)?
-11
Let i(v) be the second derivative of -v**8/1120 - v**5/120 - v**4/4 + v**3/3 - 9*v. Let o(b) be the third derivative of i(b). What is o(1)?
-7
Let j(u) = -79*u + 1 - 10 + 26*u + 20*u + 34*u. Let f(d) = d**2 - 6*d + 6. Let q be f(6). Give j(q).
-3
Let m(s) = -s**3 + 8*s**2 - 7*s + 4. Suppose 0 = -2*q + 5*o + 25, -8*q + 6*q + 3*o + 19 = 0. Calculate m(q).
44
Let r(o) be the third derivative of -o**4/24 + 3*o**3/2 - 24*o**2 - 48. Give r(18).
-9
Let c(n) = -4*n + 28. Suppose -2*t - 18 + 12 = 0, -4*q = 3*t - 11. What is c(q)?
8
Let d(x) = -x**2 + 3*x + 4. Let s be d(4). Let a(p) be the third derivative of 1/60*p**5 - 7/3*p**3 + 1/120*p**6 + 0*p**4 + 0 + p + 28*p**2. Give a(s).
-14
Let u(b) = 37*b**3 - 58*b**2 + b - 9. Let q(x) = 5*x**3 - 8*x**2 - 1. Let d(y) = -15*q(y) + 2*u(y). Suppose -h - h + 6 = 0. Calculate d(h).
12
Let k(t) = t**2 - 55*t + 2. Let l(n) = -n**2 + 46*n - 1. Let v(p) = 6*k(p) + 7*l(p). Let h = 11 - 8. Let q = -6 - h. Give v(q).
-4
Let d(o) = -o**2 - 10*o + 15. Let l be d(-11). Let m(v) = 4*v - 1. Let z be m(1). Let k(r) = -4*r + 39 + z*r - 42. What is k(l)?
-7
Let k(p) be the second derivative of p**5/20 - 11*p**4/6 - 11*p**3/3 - 21*p**2 - 8709*p. Give k(23).
-19
Let d(m) = 15*m - 182. Let l be 91*((-99)/(-63))/11. Determine d(l).
13
Suppose 4*s = -o - 42, -2*o - 3*s = o + 36. Let u(q) = -q**2 - 2*q - 4*q**2 + 2 + q**2. Give u(o).
-10
Suppose -53*h = -47*h - 2124. Let t(c) = -3*c + 118 + 112 + 117 - h. Give t(9).
-34
Let m(q) = -q**2 + 5*q + 42. Let b(d) = 6*d**3 + 2*d**2 - 2*d - 3. Let f be b(-1). Determine m(f).
-8
Let u(t) be the first derivative of -39*t**2/2 + t + 56364. Let l be (1/2)/(1/(-2)). What is u(l)?
40
Suppose -9 = s - 3*p, 19*p = -3*s + 17*p + 6. Suppose 3*h - 24 = 2*h. Let z(m) = h*m + s + 5 - 28*m - m**2. Give z(-4).
5
Let t be 10/(-55) + (-54)/(-297) + (2 - -14). Let l(i) = i**3 - 14*i**2 - 30*i - 16. Calculate l(t).
16
Let a(l) = -17*l - 18*l + 8 - 14*l - 4 + 2*l**2 + 52*l. Determine a(3).
31
Let s(p) = -p**3 - 4*p**2 + 3*p + 1. Let g = 410 - 390. Suppose 0 = 5*m + g*m + 125. Determine s(m).
11
Let m(n) = -2*n - 41. Suppose 3*r - 14*r - 187 = 0. Let t be m(r). Let g(s) = -s - 14. Determine g(t).
-7
Let c(b) = -142*b + 36*b - b**2 + 62 + 131*b. Determine c(27).
8
Let r = 253 - 260. Let c(z) = -1 + 3 - 10 - 4*z. Calculate c(r).
20
Suppose 0 = -w + 241 - 238, -12 = -3*j - 4*w. Let o(c) = -4 - 2*c**2 - 18 - 3*c**2 + 6*c**2 - c. What is o(j)?
-22
Let a(w) be the third derivative of 7*w**4/4 + w**3/6 + w**2 - 306. Determine a(1).
43
Let o(q) = -q**2 + 46*q - 2 - 151*q + 110*q. Let m = -3 - -7. Suppose 0*b = -m*b + 12. Calculate o(b).
4
Let o(j) = -2*j**2 - 7*j - 1. Let c(q) = -7*q**2 + 18*q + 3. Let s(w) = c(w) + 2*o(w). Determine s(-3).
-110
Suppose -3*c + 19 = -41. Suppose 0 = -6*n + 56 - c. Let d be n/9 - 10/6. Let j(f) = f**3 + f**2. Calculate j(d).
0
Let h(i) = -i**3 - 59*i**2 - 61*i - 177. Let g be h(-58). Let p(l) = -3*l**2 - 5*l - 6. Determine p(g).
-18
Let f(g) = 2*g. Let w(k) = -3*k**2 + 29*k + 1. Let v be w(9). Suppose 2*r = -5*q, -160*q + v = -162*q + 3*r. Calculate f(q).
-4
Let q(r) = 6*r**2 - 2*r + 26. Let y(m) = -2*m**2 + 2*m - 12. Let v(h) = 2*q(h) + 5*y(h). What is v(4)?
48
Let k(w) = -5*w**2 - 12*w + 50. Let r(c) = c**2 - c + 1. Let o(l) = -k(l) - 6*r(l). Calculate o(8).
24
Let n = -7 + 4. Let i(u) = 3*u**3 - 10*u**2 - 4*u - 11. Let h(x) = 8*x**3 - 22*x**2 - 7*x - 26. Let k(d) = -2*h(d) + 5*i(d). Calculate k(n).
-12
Suppose 180*i - 323 - 5437 = 0. Let f(s) = -12*s + 396. What is f(i)?
12
Let l(y) = -y**3 - 2344*y**2 - 13*y - 19 + 4727*y**2 - 2394*y**2. Calculate l(-10).
11
Let p(g) = -g**2 + 5*g - 2. Let x be (-4)/8*6 + 5. Let k(f) = -417*f - 1 + 4 + 415*f + f**x. Let v be k(2). Give p(v).
4
Suppose 10 = 2*l - 2*t, -3*l - 17*t = -21*t - 17. Let q(b) = 6*b**3 + 1 + 9*b**l - b**2 + 11*b**3 - 27*b**3. Give q(0).
1
Suppose h = -3*a - 3 + 5, -3*h + 6 = 5*a. Suppose -4*y + a*k = 5*k + 72, -5*k + 18 = -y. Let o(i) = -i - 16. Calculate o(y).
2
Let m = 6 - 17. Let p(n) = -13*n**3 + 41*n**2 - 27*n - 53. Let d(r) = -5*r**3 + 14*r**2 - 10*r - 18. Let j(h) = -8*d(h) + 3*p(h). Calculate j(m).
-4
Let b be (-10)/4 + (-190)/(-380). Let i(q) = q**3 + 21*q**2 + 34*q - 7. Calculate i(b).
1
Let s(c) be the second derivative of c**4/6 - 6*c**3 - c**2/2 - 13*c. Let g be s(18). Let h be 10/6*g*(-84)/28. Let x(v) = v. What is x(h)?
5
Let n(m) = 3*m**2 + 13*m - 4. Let i be 945/(-357) - 54/153. Give n(i).
-16
Let v(m) = -6*m**2 + 8*m. Let r(x) = -31*x**2 + 12*x - 201. Let h(d) = -r(d) + 5*v(d). Determine h(-12).
9
Let t(o) = o + 4. Let j(v) = -3. Let w be (1 + -2)/(-1) + 1*5. Let n(k) = w*j(k) + 5*t(k). What is n(6)?
32
Let i = -161 + 159. Let a be ((-2)/6)/(6/(-54)). Let t(s) = -19*s**a + s + 1 + 2*s**2 - 2*s + 20*s**3. Determine t(i).
3
Let f(n) = -9*n**2 - 109*n + 6. Let x(d) = d**2 + 10*d - 1. Let l(h) = -f(h) - 10*x(h). Give l(9).
4
Let g(w) = 11*w**2 - w. Let r = 55 - 53. Suppose -6*q + 5*q = -r*z - 3, -3 = -5*q + 4*z. Give g(q).
12
Let m(f) = 4*f - 17 + 3 - 6*f - 9*f + 5. Determine m(-5).
46
Suppose 0 = -2*n - n. Suppose 3*l + 4*j = -185, -2*l + n*j - 150 = -4*j. Let t = -71 - l. Let k(x) = x - 4. Give k(t).
-8
Let f(q) be the first derivative of q**2/2 - 10*q + 1. Suppose 0 = 2*x + 3*r + 20, 4*x + 2*r + 50 = 58. Give f(x).
-2
Suppose 44*b - 4 = 43*b. Suppose 4*u + 5*g + b = -12, 5*g + 20 = 0. Let a(d) = -3*d. What is a(u)?
-3
Let w(s) = -11*s**3 - 47*s**2 + 13*s - 19. Let y(u) = 5*u**3 + 20*u**2 - 6*u + 9. Let b(k) = 3*w(k) + 7*y(k). What is b(3)?
42
Let u(d) = -d**3 - d**2 + d + 1. Let k = 34 - 36. Let p(n) = -5*n - 8. Let z be p(k). Suppose 9*i + z*i = 0. Determine u(i).
1
Let y(r) be the first derivative of -14*r**2 - r + 90. Suppose 1 = -3*m - 5*h + 19, -8 = 4*m - 4*h. Give y(m).
-29
Let v(f) = f**2 - 128*f - 2. Let j be v(0). Let y(m) = 13*m**2 + 5*m + 3. Give y(j).
45
Let y(o) be the first derivative of -o**4/4 + 20*o**3/3 + 4*o + 1315. Give y(20).
4
Let c(s) = -6*s - 29 - 9*s**2 + 6*s**2 + 45 + s**3 - 10. What is c(3)?
-12
Let t = -138 - -199. Let a = t - 67. Let u(l) = -l**2 + 2*l + 4. Let h(w) = 4*w**2 - 5*w - 13. Let g(p) = -2*h(p) - 7*u(p). Give g(a).
-14
Let a(s) = -3*s**2 - 54*s + 49. Let u(c) = -c**2 - 18*c + 16. Let t(i) = 4*a(i) - 11*u(i). Give t(-15).
65
Let g(l) = 4 + 4*l + 1 - 9*l - 29 + 10. Calculate g(4).
-34
Suppose 3*n = -25 + 37. Let q(z) be the first derivative of 3*z + 2*z**2 - 2/3*z**3 + 12. Determine q(n).
-13
Let h(g) = -g**2 + 8. Suppose 49*c - 2 + 127 = -71. Determine h(c).
-8
Suppose 639*q - 646*q = 14. Let l(m) = -3*m**2 + 2*m + 8. Give l(q).
-8
Let f(j) = -4*j**2 - 2*j + 8. Let u be f(-2). Let x(s) = -5*s - 32. Give x(u).
-12
Let c(d) be the first derivative of -8 + 3/2*d**2 - 1/3*d**3 - 13*d. Let h(s) be the first derivative of c(s). Calculate h(3).
-3
Let f(i) be the third derivative of 5*i**4/24 + 4*i**2. Let k(r) = -110*r - 331. Let z be k(-3). Determine f(z).
-5
Let p = -2 + -5. Let f(s) = 6*s + 2653 + 256*s**2 - 2646 - 255*s**2. Calculate f(p).
14
Let p(n) = -n**3 - 4*n**2 + n + 3. Let g(j) = 8*j**3 + 5*j**2 - 10*j - 2. Let f be g(3). Let o = 226 - f. Give p(o).
-9
Let a(d) = -d**2 + 13*d + 18. Suppose 2*g + 2*m - 20 = 0, -4 = -g - 5*m - 10. Let y be a(g). Let z(c) = -2*c - 3. Calculate z(y).
-11
Let j be ((-4 + 4)/(-2))/1. Let q(d) = -3*d - 49 + j*d + 4*d - 2*d + 52. What is q(9)?
-6
Let v(d) = d**3 - d**2 + d. Let n(k) = 5*k**3 - 7*k**2 + k - 4. Let o(u) = -n(u) + 4*v(u). Suppose -4 = -4*j + 4*x, -8 = j - 4*x - 0. What is o(j)?
0
Let m(x) = 7*x**2 + 2*x - 186. Let q(u) = -8*u**2 - u + 217. Let k(v) = 7*m(v) + 6*q(v). Let d be -5*((-2)/2)/(-1). Determine k(d).
-15
Let c(x) be the second derivative of -x**7/2520 + x**6/144 + x**5/30 + 25*x**4/6 - x**3/3 - 8*x - 3. Let i(l) be the third derivative of c(l). What is i(6)?
-2
Let c(p) = -3*p - 34. Let t = 5033 + -5040. Calculate c(t).
-1